{"id":1170,"date":"2021-10-20T10:29:42","date_gmt":"2021-10-20T10:29:42","guid":{"rendered":"https:\/\/cohabitem.org\/?page_id=1170"},"modified":"2023-11-08T10:40:52","modified_gmt":"2023-11-08T10:40:52","slug":"argumentario","status":"publish","type":"page","link":"https:\/\/cohabitem.org\/ca\/argumentario\/","title":{"rendered":"Per qu\u00e8 el cohabitatge?"},"content":{"rendered":"<div id=\"wp-block-themeisle-blocks-advanced-columns-34a65992\" class=\"wp-block-themeisle-blocks-advanced-columns has-2-columns has-desktop-oneTwo-layout has-tablet-equal-layout has-mobile-collapsedRows-layout has-vertical-unset\"><div class=\"wp-block-themeisle-blocks-advanced-columns-overlay\"><\/div><div class=\"innerblocks-wrap\">\n<div id=\"wp-block-themeisle-blocks-advanced-column-1a97cbdf\" class=\"wp-block-themeisle-blocks-advanced-column\">\n<p>A continuaci\u00f3n, exponemos algunos aspectos que hacen de la covivienda o vivienda <strong>colaborativa en cesi\u00f3n de uso<\/strong> un modelo deseable para la sociedad actual.<\/p>\n\n\n\n<p>Aix\u00f2 \u00e9s tot just el punt d'arrancada d'un argumentari que anirem estructurant i millorant amb el temps.<\/p>\n<\/div>\n\n\n\n<div id=\"wp-block-themeisle-blocks-advanced-column-6a06bafd\" class=\"wp-block-themeisle-blocks-advanced-column\">\n<ul class=\"has-green-background-color has-background wp-block-list\">\n<li>Facilita el acceso a la vivienda (asequible y social) para los m\u00e1s j\u00f3venes (conciliaci\u00f3n familia-trabajo) y los m\u00e1s mayores (envejecimiento activo), generando alternativas en el marco de la econom\u00eda social (residencias, viviendas tuteladas, atenci\u00f3n domiciliaria&#8230;)<\/li>\n\n\n\n<li>Contribu\u00efx al desenvolupament sostenible (Objectius 2030) i a resoldre el problema de l'Espanya buidada al mateix temps que crea nous llocs de treball.<\/li>\n\n\n\n<li>Permitix una alternativa al lloguer amb preus de mercat a l'al\u00e7a per a persones que no poden comprar, amb la cessi\u00f3 d'\u00fas es conseguix una soluci\u00f3 de llar molt m\u00e9s estable, amb el suport comunitari.<\/li>\n\n\n\n<li>En temps de l'auge del teletreball, permet conciliar amb molta qualitat i flexibilitat la vida personal i laboral, i combina de forma natural amb espais compartits de treballa tipus <em>coworking<\/em>Estos espais de cotreball es convertixen en generadors de riquesa per a l'entorn.<\/li>\n\n\n\n<li>La cura m\u00fatua entre les persones, tant en ambients intergeneracionals com de persones majors, permet una millora  en la qualitat de vida i un estalvi en costos de salut impotants, fets que reforcen la prevenci\u00f3 i faciliten l'atenci\u00f3 prim\u00e0ria.<\/li>\n\n\n\n<li>Des del punt de vista financer, \u00e9s molt m\u00e9s rendible i econ\u00f2mic per a la Generalitat Valenciana recolzar amb  garanties el finan\u00e7ament que assumir els costos de la creaci\u00f3 de parc p\u00fablic directe. Les cooperatives que s'originen en s\u00f2l p\u00fablic s\u00f3n la millor forma de crear, a curt termini, solucions realistes que es puguen dur a terme i, a llarg termini, anivellaran el parc de vivenda social tan necessari.<\/li>\n\n\n\n<li>L'autogesti\u00f3 i el desenvolupament de capacitats dota als grups socials de molta m\u00e9s resili\u00e8ncia davant les adversitats de qualsevol tipus, com s'ha demostrat durant la pand\u00e8mia.<\/li>\n\n\n\n<li>\u00c9s molt m\u00e9s efectiu que la vivenda social tradicional a l'hora d'afavorir la diversitat i evitar la creaci\u00f3 de \u00abguetos\u00bb socials.  Permet que una \u00e0mplia capa social mitjana interaccione  entre si, i a m\u00e9s pot donar suport i ajuda en casos de necessitat a les persones de la seua cooperativa.<\/li>\n\n\n\n<li>El treball en xarxa, natural a les cooperatives, far\u00e0 que les ajudes es multipliquen entre els diferents grups humans, la qual cosa far\u00e0 que el coneixement i la col\u00b7laboraci\u00f3 s'extenga en benefici de tota la societat.<\/li>\n<\/ul>\n<\/div>\n<\/div><\/div>","protected":false},"excerpt":{"rendered":"","protected":false},"author":1,"featured_media":0,"parent":0,"menu_order":0,"comment_status":"closed","ping_status":"closed","template":"","meta":{"_themeisle_gutenberg_block_has_review":false,"footnotes":""},"class_list":["post-1170","page","type-page","status-publish","hentry"],"_links":{"self":[{"href":"https:\/\/cohabitem.org\/ca\/wp-json\/wp\/v2\/pages\/1170","targetHints":{"allow":["GET"]}}],"collection":[{"href":"https:\/\/cohabitem.org\/ca\/wp-json\/wp\/v2\/pages"}],"about":[{"href":"https:\/\/cohabitem.org\/ca\/wp-json\/wp\/v2\/types\/page"}],"author":[{"embeddable":true,"href":"https:\/\/cohabitem.org\/ca\/wp-json\/wp\/v2\/users\/1"}],"replies":[{"embeddable":true,"href":"https:\/\/cohabitem.org\/ca\/wp-json\/wp\/v2\/comments?post=1170"}],"version-history":[{"count":11,"href":"https:\/\/cohabitem.org\/ca\/wp-json\/wp\/v2\/pages\/1170\/revisions"}],"predecessor-version":[{"id":1623,"href":"https:\/\/cohabitem.org\/ca\/wp-json\/wp\/v2\/pages\/1170\/revisions\/1623"}],"wp:attachment":[{"href":"https:\/\/cohabitem.org\/ca\/wp-json\/wp\/v2\/media?parent=1170"}],"curies":[{"name":"wp","href":"https:\/\/api.w.org\/{rel}","templated":true}]}}

Per què el cohabitatge?

<div id="wp-block-themeisle-blocks-advanced-columns-34a65992" class="wp-block-themeisle-blocks-advanced-columns has-2-columns has-desktop-oneTwo-layout has-tablet-equal-layout has-mobile-collapsedRows-layout has-vertical-unset"><div class="wp-block-themeisle-blocks-advanced-columns-overlay"></div><div class="innerblocks-wrap">
<div id="wp-block-themeisle-blocks-advanced-column-1a97cbdf" class="wp-block-themeisle-blocks-advanced-column">
<p>A continuación, exponemos algunos aspectos que hacen de la covivienda o vivienda <strong>colaborativa en cesión de uso</strong> un modelo deseable para la sociedad actual.</p>



<p>Això és tot just el punt d'arrancada d'un argumentari que anirem estructurant i millorant amb el temps.</p>
</div>



<div id="wp-block-themeisle-blocks-advanced-column-6a06bafd" class="wp-block-themeisle-blocks-advanced-column">
<ul class="has-green-background-color has-background wp-block-list">
<li>Facilita el acceso a la vivienda (asequible y social) para los más jóvenes (conciliación familia-trabajo) y los más mayores (envejecimiento activo), generando alternativas en el marco de la economía social (residencias, viviendas tuteladas, atención domiciliaria&#8230;)</li>



<li>Contribuïx al desenvolupament sostenible (Objectius 2030) i a resoldre el problema de l'Espanya buidada al mateix temps que crea nous llocs de treball.</li>



<li>Permitix una alternativa al lloguer amb preus de mercat a l'alça per a persones que no poden comprar, amb la cessió d'ús es conseguix una solució de llar molt més estable, amb el suport comunitari.</li>



<li>En temps de l'auge del teletreball, permet conciliar amb molta qualitat i flexibilitat la vida personal i laboral, i combina de forma natural amb espais compartits de treballa tipus <em>coworking</em>Estos espais de cotreball es convertixen en generadors de riquesa per a l'entorn.</li>



<li>La cura mútua entre les persones, tant en ambients intergeneracionals com de persones majors, permet una millora  en la qualitat de vida i un estalvi en costos de salut impotants, fets que reforcen la prevenció i faciliten l'atenció primària.</li>



<li>Des del punt de vista financer, és molt més rendible i econòmic per a la Generalitat Valenciana recolzar amb  garanties el finançament que assumir els costos de la creació de parc públic directe. Les cooperatives que s'originen en sòl públic són la millor forma de crear, a curt termini, solucions realistes que es puguen dur a terme i, a llarg termini, anivellaran el parc de vivenda social tan necessari.</li>



<li>L'autogestió i el desenvolupament de capacitats dota als grups socials de molta més resiliència davant les adversitats de qualsevol tipus, com s'ha demostrat durant la pandèmia.</li>



<li>És molt més efectiu que la vivenda social tradicional a l'hora d'afavorir la diversitat i evitar la creació de «guetos» socials.  Permet que una àmplia capa social mitjana interaccione  entre si, i a més pot donar suport i ajuda en casos de necessitat a les persones de la seua cooperativa.</li>



<li>El treball en xarxa, natural a les cooperatives, farà que les ajudes es multipliquen entre els diferents grups humans, la qual cosa farà que el coneixement i la col·laboració s'extenga en benefici de tota la societat.</li>
</ul>
</div>
</div></div>
