{"id":555,"date":"2021-09-07T22:19:46","date_gmt":"2021-09-07T22:19:46","guid":{"rendered":"https:\/\/cohabitem.org\/?page_id=555"},"modified":"2021-10-29T11:11:51","modified_gmt":"2021-10-29T11:11:51","slug":"coordinadora","status":"publish","type":"page","link":"https:\/\/cohabitem.org\/ca\/coordinadora\/","title":{"rendered":"La coordinadora"},"content":{"rendered":"<div class=\"wp-block-themeisle-blocks-advanced-columns has-1-columns has-desktop-equal-layout has-tablet-equal-layout has-mobile-equal-layout has-default-gap has-vertical-unset\" id=\"wp-block-themeisle-blocks-advanced-columns-29ea4ce6\"><div class=\"wp-block-themeisle-blocks-advanced-columns-overlay\"><\/div><div class=\"innerblocks-wrap\">\n<div class=\"wp-block-themeisle-blocks-advanced-column\" id=\"wp-block-themeisle-blocks-advanced-column-1109b8e9\">\n<p class=\"translation-block\">A la Comunitat Valenciana no existia, fins ara, una organitzaci\u00f3 capa\u00e7 de <strong>representar a tots els projectes<\/strong> de cohousing, covivenda o vivenda col\u00b7laborativa en cessi\u00f3 d\u2019\u00fas que incloguera els que encara no tingueren forma jur\u00eddica o tingueren una altra diferent. Les federacions de cooperatives han fet- i continuen fent-ne- un gran paper fins i tot en eixos casos, per\u00f2 es trobava a faltar una <strong>estructura independent<\/strong> formada pels diferents projectes.<\/p>\n\n\n\n<p class=\"translation-block\">\u00c9s per aix\u00f2 que conformem la <strong>Coordinadora per la Regulaci\u00f3 amb Finan\u00e7ament P\u00fablica de la Covivenda Valenciana<\/strong>.<\/p>\n\n\n\n<div class=\"wp-block-themeisle-blocks-advanced-columns has-1-columns has-desktop-equal-layout has-tablet-equal-layout has-mobile-equal-layout has-default-gap has-vertical-unset\" id=\"wp-block-themeisle-blocks-advanced-columns-304d3f09\"><div class=\"wp-block-themeisle-blocks-advanced-columns-overlay\"><\/div><div class=\"innerblocks-wrap\">\n<div class=\"wp-block-themeisle-blocks-advanced-column\" id=\"wp-block-themeisle-blocks-advanced-column-73f68664\"><\/div>\n<\/div><\/div>\n\n\n\n<p class=\"translation-block\">Les entitats que la formem som conscients de la rellev\u00e0ncia del <strong>Model Cooperatiu en Cessi\u00f3 d\u2019\u00das<\/strong> i no podem deixar passar esta oportunitat hist\u00f2rica per a liderar conjuntament amb altres agents claus una nova forma d\u2019acc\u00e9s i desenvolupament social.<\/p>\n\n\n\n<p class=\"translation-block\">Volem, abans de res, <strong>facilitar<\/strong> a les Administracions P\u00fabliques, a les entitats financeres i a altres agents <strong>un interlocutor clar amb este sector emergent<\/strong>. Per\u00f2 tamb\u00e9 estem disposats a organitzar-nos per a, quan estes entitats no responguen, recordar-los que este model transformador ha vingut per a quedar-se i requereix atenci\u00f3.<\/p>\n<\/div>\n<\/div><\/div>\n\n\n\n<div class=\"wp-block-themeisle-blocks-advanced-columns has-2-columns has-desktop-equal-layout has-tablet-equal-layout has-mobile-collapsedRows-layout has-wide-gap has-vertical-unset\" id=\"wp-block-themeisle-blocks-advanced-columns-c0e9ccd1\"><div class=\"wp-block-themeisle-blocks-advanced-columns-overlay\"><\/div><div class=\"innerblocks-wrap\">\n<div class=\"wp-block-themeisle-blocks-advanced-column\" id=\"wp-block-themeisle-blocks-advanced-column-a866958d\">\n<h2 class=\"wp-block-heading\" id=\"que-pedimos\">Qu\u00e8 demanem?<\/h2>\n\n\n\n<h3 class=\"wp-block-heading\" id=\"regulacion\"><strong>Regulaci\u00f3<\/strong> <\/h3>\n\n\n\n<p>Regular de forma espec\u00edfica este tipus de projectes atenent a les seues particularitats i definint clarament el model, per a permetre un millor encaix en el marc urban\u00edstic i en els serveis socials i facilitar la seua implementaci\u00f3 amb garanties jur\u00eddiques.<\/p>\n\n\n\n<h3 class=\"wp-block-heading\" id=\"financiacion\"><strong>Finan\u00e7ament<\/strong> <\/h3>\n\n\n\n<p>Davant la poca receptivitat i les grans limitacions del fina\u00e7ament privat, demanem a l\u2019administraci\u00f3 que proporcione o facilite l\u2019acc\u00e9s al finan\u00e7ament perqu\u00e8 este tipus de projectes puguen multiplicar-se.<\/p>\n\n\n\n<h3 class=\"wp-block-heading\" id=\"agilidad\"><strong>Agilitat<\/strong> <\/h3>\n\n\n\n<p>Mentre avancem cap eixos objectius, necessitem que la implementaci\u00f3 de estos projectes es considere una prioritat, proporcionant agilitat en la seua transmissi\u00f3 i un di\u00e0leg fluid amb l\u2019administraci\u00f3.<\/p>\n\n\n\n<p><\/p>\n<\/div>\n\n\n\n<div class=\"wp-block-themeisle-blocks-advanced-column\" id=\"wp-block-themeisle-blocks-advanced-column-148ba48a\">\n<h2 class=\"wp-block-heading\" id=\"que-ofrecemos\">Qu\u00e8 oferim?<\/h2>\n\n\n\n<h3 class=\"wp-block-heading\" id=\"interlocucion\"><strong>Interlocuci\u00f3<\/strong> <\/h3>\n\n\n\n<p>A trav\u00e9s d\u2019esta Coordinadora volem oferir a l\u2019administraci\u00f3 un di\u00e0leg directe en coordinaci\u00f3 amb la gran diversitat de projectes existents.<\/p>\n\n\n\n<h3 class=\"wp-block-heading\" id=\"colaboracion\"><strong>Col\u00b7laboraci\u00f3<\/strong><\/h3>\n\n\n\n<p>Volem oferir-nos com a un grup consultiu per ajudar a l\u2019Administraci\u00f3 a entendre millor les necessitats, prioritzar accions i desenvolupar propostes concretes. Coneixem de primera m\u00e0 el potencial transformador del model, per\u00f2 tamb\u00e9 els seus reptes.<\/p>\n\n\n\n<h3 class=\"wp-block-heading\" id=\"compromiso\"><strong>Comprom\u00eds<\/strong><\/h3>\n\n\n\n<p>Ens constitu\u00efm tamb\u00e9 com a un grup de seguiment per garantir la continu\u00eftat de la col\u00b7laboraci\u00f3 p\u00fablicocooperativa i assegurar que produ\u00efsca resultats tangibles a curt i mig termini.<\/p>\n\n\n\n<p><\/p>\n<\/div>\n<\/div><\/div>\n\n\n\n<div class=\"wp-block-themeisle-blocks-advanced-columns has-1-columns has-desktop-equal-layout has-tablet-equal-layout has-mobile-equal-layout has-default-gap has-vertical-unset\" id=\"wp-block-themeisle-blocks-advanced-columns-da285c2c\"><div class=\"wp-block-themeisle-blocks-advanced-columns-overlay\"><\/div><div class=\"innerblocks-wrap\">\n<div class=\"wp-block-themeisle-blocks-advanced-column\" id=\"wp-block-themeisle-blocks-advanced-column-0505bdb5\">\n<div class=\"wp-block-buttons is-content-justification-center is-layout-flex wp-block-buttons-is-layout-flex\">\n<div class=\"wp-block-button\"><a class=\"wp-block-button__link\" href=\"https:\/\/cohabitem.org\/wp-content\/uploads\/2021\/10\/Presentacion-Cohabitem-Web.pdf\" target=\"_blank\" rel=\"noreferrer noopener\">Veure o descarregar presentaci\u00f3 (PDF)<\/a><\/div>\n<\/div>\n<\/div>\n<\/div><\/div>\n\n\n\n<div style=\"height:70px\" aria-hidden=\"true\" class=\"wp-block-spacer\"><\/div>","protected":false},"excerpt":{"rendered":"","protected":false},"author":1,"featured_media":0,"parent":0,"menu_order":0,"comment_status":"closed","ping_status":"closed","template":"custom_slug_613888e4d0e71","meta":{"_themeisle_gutenberg_block_has_review":false,"footnotes":""},"class_list":["post-555","page","type-page","status-publish","hentry"],"_links":{"self":[{"href":"https:\/\/cohabitem.org\/ca\/wp-json\/wp\/v2\/pages\/555","targetHints":{"allow":["GET"]}}],"collection":[{"href":"https:\/\/cohabitem.org\/ca\/wp-json\/wp\/v2\/pages"}],"about":[{"href":"https:\/\/cohabitem.org\/ca\/wp-json\/wp\/v2\/types\/page"}],"author":[{"embeddable":true,"href":"https:\/\/cohabitem.org\/ca\/wp-json\/wp\/v2\/users\/1"}],"replies":[{"embeddable":true,"href":"https:\/\/cohabitem.org\/ca\/wp-json\/wp\/v2\/comments?post=555"}],"version-history":[{"count":74,"href":"https:\/\/cohabitem.org\/ca\/wp-json\/wp\/v2\/pages\/555\/revisions"}],"predecessor-version":[{"id":1271,"href":"https:\/\/cohabitem.org\/ca\/wp-json\/wp\/v2\/pages\/555\/revisions\/1271"}],"wp:attachment":[{"href":"https:\/\/cohabitem.org\/ca\/wp-json\/wp\/v2\/media?parent=555"}],"curies":[{"name":"wp","href":"https:\/\/api.w.org\/{rel}","templated":true}]}}

<div class="wp-block-themeisle-blocks-advanced-columns has-1-columns has-desktop-equal-layout has-tablet-equal-layout has-mobile-equal-layout has-default-gap has-vertical-unset" id="wp-block-themeisle-blocks-advanced-columns-29ea4ce6"><div class="wp-block-themeisle-blocks-advanced-columns-overlay"></div><div class="innerblocks-wrap">
<div class="wp-block-themeisle-blocks-advanced-column" id="wp-block-themeisle-blocks-advanced-column-1109b8e9">
<p class="translation-block">A la Comunitat Valenciana no existia, fins ara, una organització capaç de <strong>representar a tots els projectes</strong> de cohousing, covivenda o vivenda col·laborativa en cessió d’ús que incloguera els que encara no tingueren forma jurídica o tingueren una altra diferent. Les federacions de cooperatives han fet- i continuen fent-ne- un gran paper fins i tot en eixos casos, però es trobava a faltar una <strong>estructura independent</strong> formada pels diferents projectes.</p>



<p class="translation-block">És per això que conformem la <strong>Coordinadora per la Regulació amb Finançament Pública de la Covivenda Valenciana</strong>.</p>



<div class="wp-block-themeisle-blocks-advanced-columns has-1-columns has-desktop-equal-layout has-tablet-equal-layout has-mobile-equal-layout has-default-gap has-vertical-unset" id="wp-block-themeisle-blocks-advanced-columns-304d3f09"><div class="wp-block-themeisle-blocks-advanced-columns-overlay"></div><div class="innerblocks-wrap">
<div class="wp-block-themeisle-blocks-advanced-column" id="wp-block-themeisle-blocks-advanced-column-73f68664"></div>
</div></div>



<p class="translation-block">Les entitats que la formem som conscients de la rellevància del <strong>Model Cooperatiu en Cessió d’Ús</strong> i no podem deixar passar esta oportunitat històrica per a liderar conjuntament amb altres agents claus una nova forma d’accés i desenvolupament social.</p>



<p class="translation-block">Volem, abans de res, <strong>facilitar</strong> a les Administracions Públiques, a les entitats financeres i a altres agents <strong>un interlocutor clar amb este sector emergent</strong>. Però també estem disposats a organitzar-nos per a, quan estes entitats no responguen, recordar-los que este model transformador ha vingut per a quedar-se i requereix atenció.</p>
</div>
</div></div>



<div class="wp-block-themeisle-blocks-advanced-columns has-2-columns has-desktop-equal-layout has-tablet-equal-layout has-mobile-collapsedRows-layout has-wide-gap has-vertical-unset" id="wp-block-themeisle-blocks-advanced-columns-c0e9ccd1"><div class="wp-block-themeisle-blocks-advanced-columns-overlay"></div><div class="innerblocks-wrap">
<div class="wp-block-themeisle-blocks-advanced-column" id="wp-block-themeisle-blocks-advanced-column-a866958d">
<h2 class="wp-block-heading" id="que-pedimos">Què demanem?</h2>



<h3 class="wp-block-heading" id="regulacion"><strong>Regulació</strong> </h3>



<p>Regular de forma específica este tipus de projectes atenent a les seues particularitats i definint clarament el model, per a permetre un millor encaix en el marc urbanístic i en els serveis socials i facilitar la seua implementació amb garanties jurídiques.</p>



<h3 class="wp-block-heading" id="financiacion"><strong>Finançament</strong> </h3>



<p>Davant la poca receptivitat i les grans limitacions del finaçament privat, demanem a l’administració que proporcione o facilite l’accés al finançament perquè este tipus de projectes puguen multiplicar-se.</p>



<h3 class="wp-block-heading" id="agilidad"><strong>Agilitat</strong> </h3>



<p>Mentre avancem cap eixos objectius, necessitem que la implementació de estos projectes es considere una prioritat, proporcionant agilitat en la seua transmissió i un diàleg fluid amb l’administració.</p>



<p></p>
</div>



<div class="wp-block-themeisle-blocks-advanced-column" id="wp-block-themeisle-blocks-advanced-column-148ba48a">
<h2 class="wp-block-heading" id="que-ofrecemos">Què oferim?</h2>



<h3 class="wp-block-heading" id="interlocucion"><strong>Interlocució</strong> </h3>



<p>A través d’esta Coordinadora volem oferir a l’administració un diàleg directe en coordinació amb la gran diversitat de projectes existents.</p>



<h3 class="wp-block-heading" id="colaboracion"><strong>Col·laboració</strong></h3>



<p>Volem oferir-nos com a un grup consultiu per ajudar a l’Administració a entendre millor les necessitats, prioritzar accions i desenvolupar propostes concretes. Coneixem de primera mà el potencial transformador del model, però també els seus reptes.</p>



<h3 class="wp-block-heading" id="compromiso"><strong>Compromís</strong></h3>



<p>Ens constituïm també com a un grup de seguiment per garantir la continuïtat de la col·laboració públicocooperativa i assegurar que produïsca resultats tangibles a curt i mig termini.</p>



<p></p>
</div>
</div></div>



<div class="wp-block-themeisle-blocks-advanced-columns has-1-columns has-desktop-equal-layout has-tablet-equal-layout has-mobile-equal-layout has-default-gap has-vertical-unset" id="wp-block-themeisle-blocks-advanced-columns-da285c2c"><div class="wp-block-themeisle-blocks-advanced-columns-overlay"></div><div class="innerblocks-wrap">
<div class="wp-block-themeisle-blocks-advanced-column" id="wp-block-themeisle-blocks-advanced-column-0505bdb5">
<div class="wp-block-buttons is-content-justification-center is-layout-flex wp-block-buttons-is-layout-flex">
<div class="wp-block-button"><a class="wp-block-button__link" href="https://cohabitem.org/wp-content/uploads/2021/10/Presentacion-Cohabitem-Web.pdf" target="_blank" rel="noreferrer noopener">Veure o descarregar presentació (PDF)</a></div>
</div>
</div>
</div></div>



<div style="height:70px" aria-hidden="true" class="wp-block-spacer"></div>
