{"id":989,"date":"2021-10-17T23:13:51","date_gmt":"2021-10-17T23:13:51","guid":{"rendered":"https:\/\/cohabitem.org\/?page_id=989"},"modified":"2021-10-17T23:39:35","modified_gmt":"2021-10-17T23:39:35","slug":"propuestas-de-financiacion","status":"publish","type":"page","link":"https:\/\/cohabitem.org\/ca\/propuestas-de-financiacion\/","title":{"rendered":"Propostes de finan\u00e7ament"},"content":{"rendered":"<p>Des de Cohabitem estem en proc\u00e9s de compartir i posar en com\u00fa els reptes  i dificultats que trobem els nostres projectes, aix\u00ed com les accions que estem prenent per a superar-los. <\/p>\n\n\n\n<p class=\"translation-block\">A continuaci\u00f3 reprodu\u00efm algunes de les propostes que estem estudiant per al <strong>finan\u00e7ament<\/strong> de la covivenda valenciana.<\/p>\n\n\n\n<ol class=\"wp-block-list\"><li class=\"translation-block\">Posar en marxa les <strong>l\u00ednies de finan\u00e7ament<\/strong> per a projectes cooperatius amb vivendes en cessi\u00f3 d\u2019\u00fas des de l\u2019<strong>Institut Valenci\u00e0 de Finan\u00e7ament<\/strong>.<\/li><li class=\"translation-block\">Posar en marxa una l\u00ednia de <strong>garanties i avals<\/strong> de la Generalitat Valenciana per a facilitar el finan\u00e7ament privat i\/o p\u00fablic d\u2019este tipus de projecte. Sol\u00b7licitar a la Societat Mercantil Estatal  CERSA\n(adscrita al MInisteri d\u2019iIndustria, Comer\u00e7 i Turisme)  que no excloga a la vivenda de la seua <strong>activitat de contragarantia a les SGR<\/strong> (Societats de garantia rec\u00edproca).<\/li><li class=\"translation-block\"><strong>Equiparar ajudes<\/strong> existents per a foment i despeses de lloguer (pla estatal i resta de ajudes) i possibles deduccions a les cooperatives en <strong>cessi\u00f3 d\u2019\u00fas<\/strong> perqu\u00e8 es traslladen el lloguer assequible al m\u00f3n cooperatiu amb la figura de la cessi\u00f3 d\u2019\u00fas.<\/li><li class=\"translation-block\">Convocar <strong>ajudes espec\u00edfiques<\/strong> com a via de finan\u00e7ament addicional per a afavorir el creixement de la vivenda col\u00b7laborativa en cessi\u00f3 d\u2019\u00fas (VCCU), condicionada al seu manteniment indefinit.<\/li><li class=\"translation-block\">Facilitar l\u2019<strong>acc\u00e9s a ajudes<\/strong> per a Assist\u00e8ncies T\u00e8cniques (com ESEAST), actualment limitades a cooperatives de treball associat i societats laborals.<\/li><\/ol>\n\n\n\n<div style=\"height:100px\" aria-hidden=\"true\" class=\"wp-block-spacer\"><\/div>","protected":false},"excerpt":{"rendered":"<p>Desde Cohabitem estamos en proceso de compartir y poner en com\u00fan los retos y dificultades que encuentran nuestros proyectos, as\u00ed como las acciones que estamos tomando para superarlos. A continuaci\u00f3n reproducimos algunas de las propuestas que estamos estudiando para la financiaci\u00f3n de la covivienda valenciana. Poner en marcha de l\u00edneas de financiaci\u00f3n para proyectos cooperativos [&hellip;]<\/p>","protected":false},"author":1,"featured_media":0,"parent":0,"menu_order":0,"comment_status":"closed","ping_status":"closed","template":"custom_slug_613888e4d0e71","meta":{"_themeisle_gutenberg_block_has_review":false,"footnotes":""},"class_list":["post-989","page","type-page","status-publish","hentry"],"_links":{"self":[{"href":"https:\/\/cohabitem.org\/ca\/wp-json\/wp\/v2\/pages\/989","targetHints":{"allow":["GET"]}}],"collection":[{"href":"https:\/\/cohabitem.org\/ca\/wp-json\/wp\/v2\/pages"}],"about":[{"href":"https:\/\/cohabitem.org\/ca\/wp-json\/wp\/v2\/types\/page"}],"author":[{"embeddable":true,"href":"https:\/\/cohabitem.org\/ca\/wp-json\/wp\/v2\/users\/1"}],"replies":[{"embeddable":true,"href":"https:\/\/cohabitem.org\/ca\/wp-json\/wp\/v2\/comments?post=989"}],"version-history":[{"count":2,"href":"https:\/\/cohabitem.org\/ca\/wp-json\/wp\/v2\/pages\/989\/revisions"}],"predecessor-version":[{"id":1005,"href":"https:\/\/cohabitem.org\/ca\/wp-json\/wp\/v2\/pages\/989\/revisions\/1005"}],"wp:attachment":[{"href":"https:\/\/cohabitem.org\/ca\/wp-json\/wp\/v2\/media?parent=989"}],"curies":[{"name":"wp","href":"https:\/\/api.w.org\/{rel}","templated":true}]}}

Propostes de finançament

<p>Des de Cohabitem estem en procés de compartir i posar en comú els reptes  i dificultats que trobem els nostres projectes, així com les accions que estem prenent per a superar-los. </p>



<p class="translation-block">A continuació reproduïm algunes de les propostes que estem estudiant per al <strong>finançament</strong> de la covivenda valenciana.</p>



<ol class="wp-block-list"><li class="translation-block">Posar en marxa les <strong>línies de finançament</strong> per a projectes cooperatius amb vivendes en cessió d’ús des de l’<strong>Institut Valencià de Finançament</strong>.</li><li class="translation-block">Posar en marxa una línia de <strong>garanties i avals</strong> de la Generalitat Valenciana per a facilitar el finançament privat i/o públic d’este tipus de projecte. Sol·licitar a la Societat Mercantil Estatal  CERSA
(adscrita al MInisteri d’iIndustria, Comerç i Turisme)  que no excloga a la vivenda de la seua <strong>activitat de contragarantia a les SGR</strong> (Societats de garantia recíproca).</li><li class="translation-block"><strong>Equiparar ajudes</strong> existents per a foment i despeses de lloguer (pla estatal i resta de ajudes) i possibles deduccions a les cooperatives en <strong>cessió d’ús</strong> perquè es traslladen el lloguer assequible al món cooperatiu amb la figura de la cessió d’ús.</li><li class="translation-block">Convocar <strong>ajudes específiques</strong> com a via de finançament addicional per a afavorir el creixement de la vivenda col·laborativa en cessió d’ús (VCCU), condicionada al seu manteniment indefinit.</li><li class="translation-block">Facilitar l’<strong>accés a ajudes</strong> per a Assistències Tècniques (com ESEAST), actualment limitades a cooperatives de treball associat i societats laborals.</li></ol>



<div style="height:100px" aria-hidden="true" class="wp-block-spacer"></div>

<p>Desde Cohabitem estamos en proceso de compartir y poner en común los retos y dificultades que encuentran nuestros proyectos, así como las acciones que estamos tomando para superarlos. A continuación reproducimos algunas de las propuestas que estamos estudiando para la financiación de la covivienda valenciana. Poner en marcha de líneas de financiación para proyectos cooperativos [&hellip;]</p>
