{"id":555,"date":"2021-09-07T22:19:46","date_gmt":"2021-09-07T22:19:46","guid":{"rendered":"https:\/\/cohabitem.org\/?page_id=555"},"modified":"2021-10-29T11:11:51","modified_gmt":"2021-10-29T11:11:51","slug":"coordinadora","status":"publish","type":"page","link":"https:\/\/cohabitem.org\/es\/coordinadora\/","title":{"rendered":"La coordinadora"},"content":{"rendered":"\n<div class=\"wp-block-themeisle-blocks-advanced-columns has-1-columns has-desktop-equal-layout has-tablet-equal-layout has-mobile-equal-layout has-default-gap has-vertical-unset\" id=\"wp-block-themeisle-blocks-advanced-columns-29ea4ce6\"><div class=\"wp-block-themeisle-blocks-advanced-columns-overlay\"><\/div><div class=\"innerblocks-wrap\">\n<div class=\"wp-block-themeisle-blocks-advanced-column\" id=\"wp-block-themeisle-blocks-advanced-column-1109b8e9\">\n<p>En la Comunidad Valenciana no exist\u00eda, hasta ahora, una organizaci\u00f3n capaz de <strong>representar a todos los proyectos<\/strong> de <em>cohousing<\/em>, covivienda o vivienda colaborativa en cesi\u00f3n de uso, incluyendo a los que a\u00fan no tuvieran forma jur\u00eddica o tuvieran una diferente. Las federaciones de cooperativas han hecho \u2014y siguen haciendo\u2014 un gran papel incluso en esos casos, pero se echaba en falta una <strong>estructura independiente<\/strong> formada por los propios proyectos.<\/p>\n\n\n\n<p>Es por ello que conformamos la <strong>Coordinadora por la Regulaci\u00f3n con Financiaci\u00f3n P\u00fablica de la Covivienda Valenciana<\/strong>.<\/p>\n\n\n\n<div class=\"wp-block-themeisle-blocks-advanced-columns has-1-columns has-desktop-equal-layout has-tablet-equal-layout has-mobile-equal-layout has-default-gap has-vertical-unset\" id=\"wp-block-themeisle-blocks-advanced-columns-304d3f09\"><div class=\"wp-block-themeisle-blocks-advanced-columns-overlay\"><\/div><div class=\"innerblocks-wrap\">\n<div class=\"wp-block-themeisle-blocks-advanced-column\" id=\"wp-block-themeisle-blocks-advanced-column-73f68664\"><\/div>\n<\/div><\/div>\n\n\n\n<p>Las entidades que la formamos somos conscientes de la relevancia del <strong>Modelo Cooperativo en Cesi\u00f3n de Uso<\/strong> y no podemos dejar pasar esta oportunidad hist\u00f3rica para liderar conjuntamente otros agentes clave una nueva forma de acceso a la vivienda y de desarrollo social.<\/p>\n\n\n\n<p>Queremos, ante todo, <strong>facilitar<\/strong> a las Administraciones P\u00fablicas, a las entidades financieras y a otros agentes <strong>un interlocutor claro con este sector emergente<\/strong>. Pero tambi\u00e9n estamos dispuestos a organizarnos para, cuando estas entidades no respondan, recordarles que este modelo transformador ha venido para quedarse y requiere atenci\u00f3n. <\/p>\n<\/div>\n<\/div><\/div>\n\n\n\n<div class=\"wp-block-themeisle-blocks-advanced-columns has-2-columns has-desktop-equal-layout has-tablet-equal-layout has-mobile-collapsedRows-layout has-wide-gap has-vertical-unset\" id=\"wp-block-themeisle-blocks-advanced-columns-c0e9ccd1\"><div class=\"wp-block-themeisle-blocks-advanced-columns-overlay\"><\/div><div class=\"innerblocks-wrap\">\n<div class=\"wp-block-themeisle-blocks-advanced-column\" id=\"wp-block-themeisle-blocks-advanced-column-a866958d\">\n<h2 class=\"wp-block-heading\" id=\"que-pedimos\">Qu\u00e9 pedimos<\/h2>\n\n\n\n<h3 class=\"wp-block-heading\" id=\"regulacion\"><strong>Regulaci\u00f3n<\/strong> <\/h3>\n\n\n\n<p>Regular de forma espec\u00edfica este tipo de proyectos atendiendo a sus particularidades y definiendo claramente el modelo, para permitir un mejor encaje en el marco urban\u00edstico y en los servicios sociales y facilitar su implementaci\u00f3n con m\u00e1s garant\u00edas jur\u00eddicas.<\/p>\n\n\n\n<h3 class=\"wp-block-heading\" id=\"financiacion\"><strong>Financiaci\u00f3n<\/strong> <\/h3>\n\n\n\n<p>Ante la poca receptividad y las grandes limitaciones de la financiaci\u00f3n privada, pedimos a la administraci\u00f3n que proporcione o facilite el acceso a la financiaci\u00f3n para que este tipo de proyectos puedan multiplicarse.<\/p>\n\n\n\n<h3 class=\"wp-block-heading\" id=\"agilidad\"><strong>Agilidad<\/strong> <\/h3>\n\n\n\n<p>Mientras avanzamos hacia esos objetivos, necesitamos que la implementaci\u00f3n de estos proyectos se considere una prioridad, proporcionando agilidad en su tramitaci\u00f3n y un di\u00e1logo fluido con la administraci\u00f3n.<\/p>\n\n\n\n<p><\/p>\n<\/div>\n\n\n\n<div class=\"wp-block-themeisle-blocks-advanced-column\" id=\"wp-block-themeisle-blocks-advanced-column-148ba48a\">\n<h2 class=\"wp-block-heading\" id=\"que-ofrecemos\">Qu\u00e9 ofrecemos<\/h2>\n\n\n\n<h3 class=\"wp-block-heading\" id=\"interlocucion\"><strong>Interlocuci\u00f3n<\/strong> <\/h3>\n\n\n\n<p>A trav\u00e9s de esta Coordinadora queremos ofrecer a la administraci\u00f3n un interlocutor claro, que facilite un di\u00e1logo directo en coordinaci\u00f3n con la gran diversidad de proyectos existentes.<\/p>\n\n\n\n<h3 class=\"wp-block-heading\" id=\"colaboracion\"><strong>Colaboraci\u00f3n<\/strong><\/h3>\n\n\n\n<p>Queremos ofrecernos como un grupo consultivo para ayudar a la Administraci\u00f3n a entender mejor las necesidades, priorizar acciones y desarrollar propuestas concretas. Conocemos de primera mano el potencial transformador del modelo, pero tambi\u00e9n sus retos.<\/p>\n\n\n\n<h3 class=\"wp-block-heading\" id=\"compromiso\"><strong>Compromiso<\/strong><\/h3>\n\n\n\n<p>Nos constituimos tambi\u00e9n como un grupo de seguimiento para garantizar la continuidad de la colaboraci\u00f3n p\u00fablico-cooperativa y asegurar que produzca resultados tangibles a corto, medio y largo plazo.<\/p>\n\n\n\n<p><\/p>\n<\/div>\n<\/div><\/div>\n\n\n\n<div class=\"wp-block-themeisle-blocks-advanced-columns has-1-columns has-desktop-equal-layout has-tablet-equal-layout has-mobile-equal-layout has-default-gap has-vertical-unset\" id=\"wp-block-themeisle-blocks-advanced-columns-da285c2c\"><div class=\"wp-block-themeisle-blocks-advanced-columns-overlay\"><\/div><div class=\"innerblocks-wrap\">\n<div class=\"wp-block-themeisle-blocks-advanced-column\" id=\"wp-block-themeisle-blocks-advanced-column-0505bdb5\">\n<div class=\"wp-block-buttons is-content-justification-center is-layout-flex wp-block-buttons-is-layout-flex\">\n<div class=\"wp-block-button\"><a class=\"wp-block-button__link\" href=\"https:\/\/cohabitem.org\/wp-content\/uploads\/2021\/10\/Presentacion-Cohabitem-Web.pdf\" target=\"_blank\" rel=\"noreferrer noopener\">Ver o descargar presentaci\u00f3n (PDF)<\/a><\/div>\n<\/div>\n<\/div>\n<\/div><\/div>\n\n\n\n<div style=\"height:70px\" aria-hidden=\"true\" class=\"wp-block-spacer\"><\/div>\n","protected":false},"excerpt":{"rendered":"","protected":false},"author":1,"featured_media":0,"parent":0,"menu_order":0,"comment_status":"closed","ping_status":"closed","template":"custom_slug_613888e4d0e71","meta":{"_themeisle_gutenberg_block_has_review":false,"footnotes":""},"class_list":["post-555","page","type-page","status-publish","hentry"],"_links":{"self":[{"href":"https:\/\/cohabitem.org\/es\/wp-json\/wp\/v2\/pages\/555","targetHints":{"allow":["GET"]}}],"collection":[{"href":"https:\/\/cohabitem.org\/es\/wp-json\/wp\/v2\/pages"}],"about":[{"href":"https:\/\/cohabitem.org\/es\/wp-json\/wp\/v2\/types\/page"}],"author":[{"embeddable":true,"href":"https:\/\/cohabitem.org\/es\/wp-json\/wp\/v2\/users\/1"}],"replies":[{"embeddable":true,"href":"https:\/\/cohabitem.org\/es\/wp-json\/wp\/v2\/comments?post=555"}],"version-history":[{"count":74,"href":"https:\/\/cohabitem.org\/es\/wp-json\/wp\/v2\/pages\/555\/revisions"}],"predecessor-version":[{"id":1271,"href":"https:\/\/cohabitem.org\/es\/wp-json\/wp\/v2\/pages\/555\/revisions\/1271"}],"wp:attachment":[{"href":"https:\/\/cohabitem.org\/es\/wp-json\/wp\/v2\/media?parent=555"}],"curies":[{"name":"wp","href":"https:\/\/api.w.org\/{rel}","templated":true}]}}

<div class="wp-block-themeisle-blocks-advanced-columns has-1-columns has-desktop-equal-layout has-tablet-equal-layout has-mobile-equal-layout has-default-gap has-vertical-unset" id="wp-block-themeisle-blocks-advanced-columns-29ea4ce6"><div class="wp-block-themeisle-blocks-advanced-columns-overlay"></div><div class="innerblocks-wrap">
<div class="wp-block-themeisle-blocks-advanced-column" id="wp-block-themeisle-blocks-advanced-column-1109b8e9">
<p>En la Comunidad Valenciana no existía, hasta ahora, una organización capaz de <strong>representar a todos los proyectos</strong> de <em>cohousing</em>, covivienda o vivienda colaborativa en cesión de uso, incluyendo a los que aún no tuvieran forma jurídica o tuvieran una diferente. Las federaciones de cooperativas han hecho —y siguen haciendo— un gran papel incluso en esos casos, pero se echaba en falta una <strong>estructura independiente</strong> formada por los propios proyectos.</p>



<p>Es por ello que conformamos la <strong>Coordinadora por la Regulación con Financiación Pública de la Covivienda Valenciana</strong>.</p>



<div class="wp-block-themeisle-blocks-advanced-columns has-1-columns has-desktop-equal-layout has-tablet-equal-layout has-mobile-equal-layout has-default-gap has-vertical-unset" id="wp-block-themeisle-blocks-advanced-columns-304d3f09"><div class="wp-block-themeisle-blocks-advanced-columns-overlay"></div><div class="innerblocks-wrap">
<div class="wp-block-themeisle-blocks-advanced-column" id="wp-block-themeisle-blocks-advanced-column-73f68664"></div>
</div></div>



<p>Las entidades que la formamos somos conscientes de la relevancia del <strong>Modelo Cooperativo en Cesión de Uso</strong> y no podemos dejar pasar esta oportunidad histórica para liderar conjuntamente otros agentes clave una nueva forma de acceso a la vivienda y de desarrollo social.</p>



<p>Queremos, ante todo, <strong>facilitar</strong> a las Administraciones Públicas, a las entidades financieras y a otros agentes <strong>un interlocutor claro con este sector emergente</strong>. Pero también estamos dispuestos a organizarnos para, cuando estas entidades no respondan, recordarles que este modelo transformador ha venido para quedarse y requiere atención. </p>
</div>
</div></div>



<div class="wp-block-themeisle-blocks-advanced-columns has-2-columns has-desktop-equal-layout has-tablet-equal-layout has-mobile-collapsedRows-layout has-wide-gap has-vertical-unset" id="wp-block-themeisle-blocks-advanced-columns-c0e9ccd1"><div class="wp-block-themeisle-blocks-advanced-columns-overlay"></div><div class="innerblocks-wrap">
<div class="wp-block-themeisle-blocks-advanced-column" id="wp-block-themeisle-blocks-advanced-column-a866958d">
<h2 class="wp-block-heading" id="que-pedimos">Qué pedimos</h2>



<h3 class="wp-block-heading" id="regulacion"><strong>Regulación</strong> </h3>



<p>Regular de forma específica este tipo de proyectos atendiendo a sus particularidades y definiendo claramente el modelo, para permitir un mejor encaje en el marco urbanístico y en los servicios sociales y facilitar su implementación con más garantías jurídicas.</p>



<h3 class="wp-block-heading" id="financiacion"><strong>Financiación</strong> </h3>



<p>Ante la poca receptividad y las grandes limitaciones de la financiación privada, pedimos a la administración que proporcione o facilite el acceso a la financiación para que este tipo de proyectos puedan multiplicarse.</p>



<h3 class="wp-block-heading" id="agilidad"><strong>Agilidad</strong> </h3>



<p>Mientras avanzamos hacia esos objetivos, necesitamos que la implementación de estos proyectos se considere una prioridad, proporcionando agilidad en su tramitación y un diálogo fluido con la administración.</p>



<p></p>
</div>



<div class="wp-block-themeisle-blocks-advanced-column" id="wp-block-themeisle-blocks-advanced-column-148ba48a">
<h2 class="wp-block-heading" id="que-ofrecemos">Qué ofrecemos</h2>



<h3 class="wp-block-heading" id="interlocucion"><strong>Interlocución</strong> </h3>



<p>A través de esta Coordinadora queremos ofrecer a la administración un interlocutor claro, que facilite un diálogo directo en coordinación con la gran diversidad de proyectos existentes.</p>



<h3 class="wp-block-heading" id="colaboracion"><strong>Colaboración</strong></h3>



<p>Queremos ofrecernos como un grupo consultivo para ayudar a la Administración a entender mejor las necesidades, priorizar acciones y desarrollar propuestas concretas. Conocemos de primera mano el potencial transformador del modelo, pero también sus retos.</p>



<h3 class="wp-block-heading" id="compromiso"><strong>Compromiso</strong></h3>



<p>Nos constituimos también como un grupo de seguimiento para garantizar la continuidad de la colaboración público-cooperativa y asegurar que produzca resultados tangibles a corto, medio y largo plazo.</p>



<p></p>
</div>
</div></div>



<div class="wp-block-themeisle-blocks-advanced-columns has-1-columns has-desktop-equal-layout has-tablet-equal-layout has-mobile-equal-layout has-default-gap has-vertical-unset" id="wp-block-themeisle-blocks-advanced-columns-da285c2c"><div class="wp-block-themeisle-blocks-advanced-columns-overlay"></div><div class="innerblocks-wrap">
<div class="wp-block-themeisle-blocks-advanced-column" id="wp-block-themeisle-blocks-advanced-column-0505bdb5">
<div class="wp-block-buttons is-content-justification-center is-layout-flex wp-block-buttons-is-layout-flex">
<div class="wp-block-button"><a class="wp-block-button__link" href="https://cohabitem.org/wp-content/uploads/2021/10/Presentacion-Cohabitem-Web.pdf" target="_blank" rel="noreferrer noopener">Ver o descargar presentación (PDF)</a></div>
</div>
</div>
</div></div>



<div style="height:70px" aria-hidden="true" class="wp-block-spacer"></div>
